{"id":188,"date":"2021-07-27T10:27:27","date_gmt":"2021-07-27T10:27:27","guid":{"rendered":"https:\/\/faduwart.hu\/honlap\/?page_id=188"},"modified":"2022-09-26T13:28:15","modified_gmt":"2022-09-26T11:28:15","slug":"kezdolap","status":"publish","type":"page","link":"https:\/\/www.faduwart.hu\/honlap\/","title":{"rendered":""},"content":{"rendered":"\n<p class=\"has-text-align-center\">Szoftverek \u00e9s szolg\u00e1ltat\u00e1sok KKV-k \u00e9s oktat\u00e1si int\u00e9zm\u00e9nyek r\u00e9sz\u00e9re<\/p>\n\n\n\n<p class=\"has-text-align-center\"><strong><em class=\"\">A Budapesti Kereskedelmi \u00e9s Iparkamara \u00e9s a Magyar Kereskedelmi \u00e9s Iparkamara tagja.<\/em><\/strong><\/p>\n\n\n\n<div class=\"wp-block-columns\">\n<div class=\"wp-block-column\">\n<h2>Szolg\u00e1ltat\u00e1sok<\/h2>\n\n\n\n<p>Ezen az oldalon az aktu\u00e1lis szolg\u00e1ltat\u00e1sainkr\u00f3l olvashat. Egyre n\u00e9pszer\u0171bbek a statikus pdf helyett a lapozhat\u00f3 kiadv\u00e1nyok. K\u00fcl\u00f6nleges effektusokkal is felruh\u00e1zhat\u00f3k, sz\u00ednes\u00edthet\u0151k. Leg\u00fajabb szolg\u00e1ltat\u00e1sunk az e-k\u00f6nyvek kiad\u00e1sa \u00e9s \u00e9rt\u00e9kes\u00edt\u00e9se, amit k\u00fcl\u00f6n\u00f6sk\u00e9ppen a fels\u0151oktat\u00e1si int\u00e9zm\u00e9nyeknek tudunk aj\u00e1nlani&#8230;<\/p>\n\n\n\n<div class=\"wp-block-buttons\">\n<div class=\"wp-block-button\"><a class=\"wp-block-button__link has-accent-1-background-color has-background\" href=\"https:\/\/www.faduwart.hu\/honlap\/szolgaltatasok\/\">Tov\u00e1bb&#8230;<\/a><\/div>\n<\/div>\n<\/div>\n\n\n\n<div class=\"wp-block-column\">\n<h2>Szoftverek<\/h2>\n\n\n\n<p>A mikro-, kis- \u00e9s k\u00f6z\u00e9pv\u00e1llalkoz\u00e1sok, valamint az oktat\u00e1si int\u00e9zm\u00e9nyek sz\u00e1m\u00e1ra hasznos szoftvereket gy\u0171jt\u00f6tt\u00fcnk itt egybe. T\u00f6bbnek elk\u00e9sz\u00edtett\u00fck a magyar nyelv\u0171 v\u00e1ltozat\u00e1t is. (Sajnos, az els\u0151 nagyszer\u0171 szoftver, amit magyarr\u00e1 var\u00e1zsoltunk, a NeoBook m\u00e1r nem l\u00e9tezik&#8230;)<\/p>\n\n\n\n<div class=\"wp-block-buttons\">\n<div class=\"wp-block-button\"><a class=\"wp-block-button__link has-accent-1-background-color has-background\" href=\"https:\/\/www.faduwart.hu\/honlap\/szoftverek\/\">Tov\u00e1bb&#8230;<\/a><\/div>\n<\/div>\n<\/div>\n<\/div>\n\n\n\n<div class=\"wp-block-buttons\"><\/div>\n","protected":false},"excerpt":{"rendered":"<p>Szoftverek \u00e9s szolg\u00e1ltat\u00e1sok KKV-k \u00e9s oktat\u00e1si int\u00e9zm\u00e9nyek r\u00e9sz\u00e9re A Budapesti Kereskedelmi \u00e9s Iparkamara \u00e9s a Magyar Kereskedelmi \u00e9s Iparkamara tagja. Szolg\u00e1ltat\u00e1sok Ezen az oldalon az aktu\u00e1lis szolg\u00e1ltat\u00e1sainkr\u00f3l olvashat. Egyre n\u00e9pszer\u0171bbek a statikus pdf helyett a lapozhat\u00f3 kiadv\u00e1nyok. K\u00fcl\u00f6nleges effektusokkal is felruh\u00e1zhat\u00f3k, sz\u00ednes\u00edthet\u0151k. Leg\u00fajabb szolg\u00e1ltat\u00e1sunk az e-k\u00f6nyvek kiad\u00e1sa \u00e9s \u00e9rt\u00e9kes\u00edt\u00e9se, amit &hellip;<\/p>\n","protected":false},"author":2,"featured_media":0,"parent":0,"menu_order":0,"comment_status":"closed","ping_status":"closed","template":"","meta":[],"_links":{"self":[{"href":"https:\/\/www.faduwart.hu\/honlap\/wp-json\/wp\/v2\/pages\/188"}],"collection":[{"href":"https:\/\/www.faduwart.hu\/honlap\/wp-json\/wp\/v2\/pages"}],"about":[{"href":"https:\/\/www.faduwart.hu\/honlap\/wp-json\/wp\/v2\/types\/page"}],"author":[{"embeddable":true,"href":"https:\/\/www.faduwart.hu\/honlap\/wp-json\/wp\/v2\/users\/2"}],"replies":[{"embeddable":true,"href":"https:\/\/www.faduwart.hu\/honlap\/wp-json\/wp\/v2\/comments?post=188"}],"version-history":[{"count":15,"href":"https:\/\/www.faduwart.hu\/honlap\/wp-json\/wp\/v2\/pages\/188\/revisions"}],"predecessor-version":[{"id":847,"href":"https:\/\/www.faduwart.hu\/honlap\/wp-json\/wp\/v2\/pages\/188\/revisions\/847"}],"wp:attachment":[{"href":"https:\/\/www.faduwart.hu\/honlap\/wp-json\/wp\/v2\/media?parent=188"}],"curies":[{"name":"wp","href":"https:\/\/api.w.org\/{rel}","templated":true}]}}

<p class="has-text-align-center">Szoftverek és szolgáltatások KKV-k és oktatási intézmények részére</p>



<p class="has-text-align-center"><strong><em class="">A Budapesti Kereskedelmi és Iparkamara és a Magyar Kereskedelmi és Iparkamara tagja.</em></strong></p>



<div class="wp-block-columns">
<div class="wp-block-column">
<h2>Szolgáltatások</h2>



<p>Ezen az oldalon az aktuális szolgáltatásainkról olvashat. Egyre népszerűbbek a statikus pdf helyett a lapozható kiadványok. Különleges effektusokkal is felruházhatók, színesíthetők. Legújabb szolgáltatásunk az e-könyvek kiadása és értékesítése, amit különösképpen a felsőoktatási intézményeknek tudunk ajánlani&#8230;</p>



<div class="wp-block-buttons">
<div class="wp-block-button"><a class="wp-block-button__link has-accent-1-background-color has-background" href="https://www.faduwart.hu/honlap/szolgaltatasok/">Tovább&#8230;</a></div>
</div>
</div>



<div class="wp-block-column">
<h2>Szoftverek</h2>



<p>A mikro-, kis- és középvállalkozások, valamint az oktatási intézmények számára hasznos szoftvereket gyűjtöttünk itt egybe. Többnek elkészítettük a magyar nyelvű változatát is. (Sajnos, az első nagyszerű szoftver, amit magyarrá varázsoltunk, a NeoBook már nem létezik&#8230;)</p>



<div class="wp-block-buttons">
<div class="wp-block-button"><a class="wp-block-button__link has-accent-1-background-color has-background" href="https://www.faduwart.hu/honlap/szoftverek/">Tovább&#8230;</a></div>
</div>
</div>
</div>



<div class="wp-block-buttons"></div>

<p>Szoftverek és szolgáltatások KKV-k és oktatási intézmények részére A Budapesti Kereskedelmi és Iparkamara és a Magyar Kereskedelmi és Iparkamara tagja. Szolgáltatások Ezen az oldalon az aktuális szolgáltatásainkról olvashat. Egyre népszerűbbek a statikus pdf helyett a lapozható kiadványok. Különleges effektusokkal is felruházhatók, színesíthetők. Legújabb szolgáltatásunk az e-könyvek kiadása és értékesítése, amit &hellip;</p>
