{"id":722,"date":"2022-02-27T23:35:49","date_gmt":"2022-02-27T22:35:49","guid":{"rendered":"https:\/\/www.faduwart.hu\/honlap\/?page_id=722"},"modified":"2022-03-07T19:38:54","modified_gmt":"2022-03-07T18:38:54","slug":"netcontrol-2-pro-osztalyterem-kezelo","status":"publish","type":"page","link":"https:\/\/www.faduwart.hu\/honlap\/szoftverek\/net-control-2\/netcontrol-2-pro-osztalyterem-kezelo\/","title":{"rendered":"NetControl 2 Pro oszt\u00e1lyterem-kezel\u0151"},"content":{"rendered":"\n<div class=\"wp-block-group\"><div class=\"wp-block-group__inner-container\">\n<div class=\"wp-block-group\"><div class=\"wp-block-group__inner-container\">\n<div class=\"wp-block-media-text alignwide is-stacked-on-mobile\"><figure class=\"wp-block-media-text__media\"><img loading=\"lazy\" width=\"550\" height=\"328\" src=\"https:\/\/www.faduwart.hu\/honlap\/wp-content\/uploads\/2022\/02\/inx-img6-1.jpg\" alt=\"\" class=\"wp-image-615 size-full\" srcset=\"https:\/\/www.faduwart.hu\/honlap\/wp-content\/uploads\/2022\/02\/inx-img6-1.jpg 550w, https:\/\/www.faduwart.hu\/honlap\/wp-content\/uploads\/2022\/02\/inx-img6-1-300x179.jpg 300w, https:\/\/www.faduwart.hu\/honlap\/wp-content\/uploads\/2022\/02\/inx-img6-1-503x300.jpg 503w\" sizes=\"(max-width: 550px) 100vw, 550px\" \/><\/figure><div class=\"wp-block-media-text__content\">\n<p class=\"has-regular-font-size\">A szoftver hat\u00e9kony egy\u00fcttm\u0171k\u00f6d\u00e9st \u00e9s interaktivit\u00e1st biztos\u00edt a tan\u00e1r \u00e9s a tanul\u00f3k k\u00f6z\u00f6tt egy sz\u00e1m\u00edt\u00f3g\u00e9pes oszt\u00e1lyteremben k\u00fcl\u00f6nb\u00f6z\u0151 oktat\u00e1si, vez\u00e9rl\u00e9sei \u00e9s fel\u00fcgyeleti funkci\u00f3 seg\u00edts\u00e9g\u00e9vel, mint p\u00e9ld\u00e1ul a k\u00e9perny\u0151megoszt\u00e1s, a virtu\u00e1lis rajzt\u00e1bla, szavaz\u00e1s, tesztek.<\/p>\n\n\n\n<p>Ezt a verzi\u00f3t kifejezetten nagy sz\u00e1m\u00edt\u00f3g\u00e9pes h\u00e1l\u00f3zatokhoz tervezt\u00e9k, amelyet k\u00f6zpontilag lehet menedzselni.<\/p>\n<\/div><\/div>\n\n\n\n<p>A <strong>Net Control 2 Pro <\/strong>verzi\u00f3n\u00e1l csomaglicencek \u00e1llnak a felhaszn\u00e1l\u00f3k rendelkez\u00e9s\u00e9re 100, 250, 500 sz\u00e1m\u00edt\u00f3g\u00e9pre, de l\u00e9tezik korl\u00e1tlan sz\u00e1m\u00fa sz\u00e1m\u00edt\u00f3g\u00e9pes licenc is, amelyben az egy h\u00e1l\u00f3zatban l\u00e9v\u0151 sz\u00e1m\u00edt\u00f3g\u00e9pekre vonatkozik. A verzi\u00f3 verhetetlen az egy sz\u00e1m\u00edt\u00f3g\u00e9pre jut\u00f3 k\u00f6lts\u00e9gben, \u00e9s nincs havi vagy \u00e9ves el\u0151fizet\u00e9si d\u00edja. K\u00e9t \u00e9vig ingyenes a friss\u00edt\u00e9s is.<\/p>\n\n\n\n<p>Csak olyan helyre javasoljuk, ahol rendelkeznek h\u00e1l\u00f3zati rendszergazd\u00e1val, aki be tudja \u00e1ll\u00edtani a megfelel\u0151 h\u00e1zirendet. Ehhez k\u00f6nnyen kezelhet\u0151 fel\u00fclet \u00e1ll a rendelkez\u00e9s\u00e9re a Kapcsolatkiszolg\u00e1l\u00f3 komponensben.<\/p>\n\n\n\n<p>A NetControl2 PRO-hoz nem sz\u00fcks\u00e9ges dom\u00e9n vagy Windows Server oper\u00e1ci\u00f3s rendszer, hanem a fent eml\u00edtett speci\u00e1lis Kapcsolatkiszolg\u00e1l\u00f3 komponenst kell telep\u00edteni a h\u00e1l\u00f3zat egyik g\u00e9p\u00e9re, amely \u201eszerverk\u00e9nt&#8221; fog \u00fczemelni, \u00e9s k\u00f6zvet\u00edt\u0151 szerepet t\u00f6lt be a tan\u00e1ri \u00e9s a tanul\u00f3i sz\u00e1m\u00edt\u00f3g\u00e9pek k\u00f6z\u00f6tt. Vezet\u00e9kes (Ethernet) vagy vezet\u00e9k n\u00e9lk\u00fcli (wifi) h\u00e1l\u00f3zatban is m\u0171k\u00f6dik.<\/p>\n\n\n\n<h5>F\u0151bb tulajdons\u00e1gok, mint a Classroom eset\u00e9ben is: <\/h5>\n\n\n\n<ul><li>a tan\u00e1r megoszthatja a k\u00e9perny\u0151j\u00e9t a tanul\u00f3kkal, vagy az egyik tanul\u00f3 k\u00e9perny\u0151j\u00e9t k\u00f6zvet\u00edtheti a t\u00f6bbiek sz\u00e1m\u00e1ra;<\/li><li>Sz\u00f6veg, k\u00e9p, k\u00e9perny\u0151k\u00e9p k\u00fcld\u00e9se, kommunik\u00e1l\u00e1s cseveg\u00e9s eszk\u00f6zzel vagy hanggal (besz\u00e9ddel), vide\u00f3konferencia kezdem\u00e9nyez\u00e9se, tanul\u00f3k jutalmaz\u00e1sa \u00e9rmek kioszt\u00e1s\u00e1val, tanul\u00f3i seg\u00edts\u00e9gk\u00e9r\u00e9s \u00e9s visszajelz\u00e9s fogad\u00e1sa,<\/li><li>Interakt\u00edv tesztek l\u00e9trehoz\u00e1sa, gyors szavaztat\u00e1s\/felm\u00e9r\u00e9s, feladat kioszt\u00e1sa \u00e9s beszed\u00e9se a tanul\u00f3kt\u00f3l egy kattint\u00e1ssal, e-tananyag k\u00e9sz\u00edt\u00e9se a k\u00e9perny\u0151felvev\u0151 eszk\u00f6zzel, multim\u00e9dia tartalom lej\u00e1tsz\u00e1sa a kijel\u00f6lt vagy \u00f6sszes tanul\u00f3n\u00e1l,<\/li><li>nem k\u00edv\u00e1natos honlapokhoz, alkalmaz\u00e1sokhoz, rendszerbe\u00e1ll\u00edt\u00e1sokhoz val\u00f3 hozz\u00e1f\u00e9r\u00e9s korl\u00e1toz\u00e1sa, nyomtat\u00e1s, USB-eszk\u00f6zh\u00f6z val\u00f3 hozz\u00e1f\u00e9r\u00e9s letilt\u00e1sa, sz\u00e1m\u00edt\u00f3g\u00e9pek be- \u00e9s kikapcsol\u00e1sa t\u00e1volr\u00f3l, f\u00e1jlok \u00e9s alkalmaz\u00e1sok kezel\u00e9se t\u00e1volr\u00f3l.<\/li><li>Tanul\u00f3i (kliens) munka val\u00f3s id\u0151ben val\u00f3 figyelemmel k\u00eds\u00e9r\u00e9se, seg\u00edts\u00e9gny\u00fajt\u00e1s t\u00e1volr\u00f3l, megl\u00e1togatott honlapok, felhaszn\u00e1lt alkalmaz\u00e1sok elemz\u00e9se. Sz\u00e1m\u00edt\u00f3g\u00e9p ideiglenes lez\u00e1r\u00e1sa, hogy a tanul\u00f3 figyelm\u00e9t fenntartsa a tan\u00e1r.<\/li><li>Lecke-terv l\u00e9trehoz\u00e1sa a be\u00e9p\u00edtett tervez\u0151vel, lecke (tan\u00f3ra) adatainak \u00e9s esem\u00e9nyeinek r\u00f6gz\u00edt\u00e9se napl\u00f3ban, tanul\u00f3k oszt\u00e1lyoz\u00e1sa, oszt\u00e1lyzat k\u00fcld\u00e9se \u00e9s megjelen\u00edt\u00e9se a tanul\u00f3i sz\u00e1m\u00edt\u00f3g\u00e9peken stb.<\/li><\/ul>\n\n\n\n<hr class=\"wp-block-separator\"\/>\n\n\n\n<div class=\"wp-block-buttons is-content-justification-center\">\n<div class=\"wp-block-button\"><a class=\"wp-block-button__link has-accent-1-background-color has-background\" href=\"https:\/\/www.faduwart.hu\/honlap\/szoftverek\/net-control-2\/netcontrol-2-smallclass-classroom-es-pro-osszehasonlitasa\/\">\u00d6sszes funkci\u00f3 &#8211; Verzi\u00f3k \u00f6sszehasonl\u00edt\u00e1sa<\/a><\/div>\n<\/div>\n\n\n\n<h5>Rendszerk\u00f6vetelm\u00e9nyek:<\/h5>\n\n\n\n<ul><li><strong>Oper\u00e1ci\u00f3s rendszer: <\/strong>Microsoft Windows 11, 10, 8, 7 (SP1). 64- vagy 32-bit; vagy Windows Server 2008R2 &#8211; 2019. Mac OS X 10.8 &#8211; 10.15 (Mountain Lion &#8211; Catalina).<\/li><li><strong>H\u00e1l\u00f3zat: <\/strong>TCP\/IP v4 helyi h\u00e1l\u00f3zat (vezet\u00e9kes vagy vezet\u00e9k n\u00e9lk\u00fcli). 100 MBit\/s vagy magasabb h\u00e1l\u00f3zati sebess\u00e9g. H\u00e1l\u00f3zati k\u00e9sleltet\u00e9s: max. 10ms<\/li><li><strong>S\u00e1vsz\u00e9less\u00e9g:<\/strong> 0.005-0.2 MBit\/s kliensenk\u00e9nt: alacsony forgalmi m\u0171k\u00f6d\u00e9s &#8211; 0.01 MBit\/s; k\u00f6zvetlen teljes k\u00e9perny\u0151s vez\u00e9rl\u00e9s billenty\u0171vel \u00e9s eg\u00e9rrel &#8211; 0.2 MBit\/s; tan\u00e1ri k\u00e9perny\u0151 k\u00f6zvet\u00edt\u00e9se a tanul\u00f3knak &#8211; 0.15 MBit\/s az \u00f6sszes fogad\u00f3n\u00e1l (Multicast t\u00e1mogatott) vagy kliensenk\u00e9nt.<\/li><li><strong>CPU:<\/strong> x86- or x86-64-kompatibilis CPU, Intel Atom 1.2 GHz vagy magasabb.<\/li><li><strong>RAM:<\/strong> Windows 10-7 32 bit: 2 GB; Windows 11-7 64 Bit, Windows Szerver: 4 GB.<\/li><li><strong>Szabad hely a merevlemezen: <\/strong>150 MB a szoftver sz\u00e1m\u00e1ra. Tov\u00e1bbi hely sz\u00fcks\u00e9ges a felhaszn\u00e1l\u00f3i f\u00e1jloknak (teszt, k\u00e9perny\u0151felv\u00e9tel, napl\u00f3 stb.)<\/li><\/ul>\n<\/div><\/div>\n<\/div><\/div>\n\n\n\n<h2 class=\"has-text-align-center\">30 vagy 45 napos pr\u00f3baverzi\u00f3 teljes funkcionalit\u00e1ssal oktat\u00e1si \u00e9s m\u00e1s int\u00e9zm\u00e9nyek sz\u00e1m\u00e1ra.<\/h2>\n\n\n\n<div class=\"wp-block-buttons is-content-justification-center\">\n<div class=\"wp-block-button\"><a class=\"wp-block-button__link has-accent-1-background-color has-background\" href=\"https:\/\/www.faduwart.hu\/honlap\/szoftverek\/net-control-2-osztalyterem-kezelo-szoftver\/net-control-2-osztalyterem-kezelo-szoftver-vegfelhasznaloi-licencszerzodese\/\">V\u00e9gfelhaszn\u00e1l\u00f3i licencszerz\u0151d\u00e9s<\/a><\/div>\n\n\n\n<div class=\"wp-block-button has-custom-width wp-block-button__width-25\"><a class=\"wp-block-button__link has-accent-1-background-color has-background\" href=\"https:\/\/www.faduwart.hu\/honlap\/szoftverek\/net-control-2-osztalyterem-kezelo-szoftver\/net-control-2-osztalyterem-kezelo-szoftver-frissitesenek-szabalyai\/\">Friss\u00edt\u00e9si szab\u00e1lyok<\/a><\/div>\n\n\n\n<div class=\"wp-block-button has-custom-width wp-block-button__width-25\"><a class=\"wp-block-button__link has-accent-1-background-color has-background\" href=\"https:\/\/www.faduwart.hu\/honlap\/szoftverek\/net-control-2-osztalyterem-kezelo-szoftver\/net-control-2-osztalyterem-kezelo-szoftverkiadasok-arai\/\">\u00c1rak<\/a><\/div>\n\n\n\n<div class=\"wp-block-button has-custom-width wp-block-button__width-25\"><a class=\"wp-block-button__link has-accent-1-background-color has-background\" href=\"https:\/\/www.faduwart.hu\/honlap\/szoftverek\/net-control-2\/netcontrol-2-probaverzio-demo-igenylese\/\">Let\u00f6lt\u00e9s<\/a><\/div>\n<\/div>\n","protected":false},"excerpt":{"rendered":"<p>30 vagy 45 napos pr\u00f3baverzi\u00f3 teljes funkcionalit\u00e1ssal oktat\u00e1si \u00e9s m\u00e1s int\u00e9zm\u00e9nyek sz\u00e1m\u00e1ra.<\/p>\n","protected":false},"author":2,"featured_media":518,"parent":517,"menu_order":3,"comment_status":"closed","ping_status":"closed","template":"","meta":[],"_links":{"self":[{"href":"https:\/\/www.faduwart.hu\/honlap\/wp-json\/wp\/v2\/pages\/722"}],"collection":[{"href":"https:\/\/www.faduwart.hu\/honlap\/wp-json\/wp\/v2\/pages"}],"about":[{"href":"https:\/\/www.faduwart.hu\/honlap\/wp-json\/wp\/v2\/types\/page"}],"author":[{"embeddable":true,"href":"https:\/\/www.faduwart.hu\/honlap\/wp-json\/wp\/v2\/users\/2"}],"replies":[{"embeddable":true,"href":"https:\/\/www.faduwart.hu\/honlap\/wp-json\/wp\/v2\/comments?post=722"}],"version-history":[{"count":8,"href":"https:\/\/www.faduwart.hu\/honlap\/wp-json\/wp\/v2\/pages\/722\/revisions"}],"predecessor-version":[{"id":799,"href":"https:\/\/www.faduwart.hu\/honlap\/wp-json\/wp\/v2\/pages\/722\/revisions\/799"}],"up":[{"embeddable":true,"href":"https:\/\/www.faduwart.hu\/honlap\/wp-json\/wp\/v2\/pages\/517"}],"wp:featuredmedia":[{"embeddable":true,"href":"https:\/\/www.faduwart.hu\/honlap\/wp-json\/wp\/v2\/media\/518"}],"wp:attachment":[{"href":"https:\/\/www.faduwart.hu\/honlap\/wp-json\/wp\/v2\/media?parent=722"}],"curies":[{"name":"wp","href":"https:\/\/api.w.org\/{rel}","templated":true}]}}